t is the units digit of 21291?
1
What is the hundreds digit of 1941?
9
What is the units digit of 8015?
5
What is the hundreds digit of 11626?
6
What is the tens digit of 28108?
0
What is the tens digit of 209?
0
What is the tens digit of 117?
1
What is the hundreds digit of 325?
3
What is the hundreds digit of 1352?
3
What is the units digit of 1813?
3
What is the hundreds digit of 252?
2
What is the thousands digit of 1297?
1
What is the ten thousands digit of 18260?
1
What is the tens digit of 72987?
8
What is the hundreds digit of 565?
5
What is the units digit of 8909?
9
What is the units digit of 33479?
9
What is the units digit of 16107?
7
What is the units digit of 8429?
9
What is the thousands digit of 2048?
2
What is the hundreds digit of 1088?
0
What is the thousands digit of 4097?
4
What is the ten thousands digit of 13481?
1
What is the hundreds digit of 930?
9
What is the units digit of 1728?
8
What is the tens digit of 996?
9
What is the thousands digit of 3321?
3
What is the hundreds digit of 40282?
2
What is the units digit of 1039?
9
What is the thousands digit of 3962?
3
What is the hundreds digit of 3750?
7
What is the tens digit of 3110?
1
What is the thousands digit of 21793?
1
What is the thousands digit of 8674?
8
What is the thousands digit of 32611?
2
What is the thousands digit of 1989?
1
What is the units digit of 66453?
3
What is the units digit of 56?
6
What is the units digit of 1058?
8
What is the hundreds digit of 33294?
2
What is the thousands digit of 59908?
9
What is the units digit of 8627?
7
What is the units digit of 1930?
0
What is the tens digit of 725?
2
What is the tens digit of 33994?
9
What is the hundreds digit of 870?
8
What is the units digit of 895?
5
What is the hundreds digit of 116?
1
What is the hundreds digit of 7575?
5
What is the thousands digit of 2790?
2
What is the units digit of 1826?
6
What is the hundreds digit of 416?
4
What is the hundreds digit of 57751?
7
What is the thousands digit of 5688?
5
What is the ten thousands digit of 70294?
7
What is the units digit of 4598?
8
What is the hundreds digit of 11269?
2
What is the tens digit of 4888?
8
What is the hundreds digit of 663?
6
What is the ten thousands digit of 11543?
1
What is the tens digit of 1725?
2
What is the tens digit of 5710?
1
What is the tens digit of 2938?
3
What is the tens digit of 947?
4
What is the thousands digit of 31575?
1
What is the units digit of 600?
0
What is the thousands digit of 1692?
1
What is the thousands digit of 38160?
8
What is the tens digit of 8084?
8
What is the units digit of 254?
4
What is the tens digit of 233?
3
What is the units digit of 1580?
0
What is the hundreds digit of 6786?
7
What is the thousands digit of 3538?
3
What is the tens digit of 11452?
5
What is the units digit of 917?
7
What is the tens digit of 244?
4
What is the units digit of 911?
1
What is the hundreds digit of 97909?
9
What is the units digit of 2264?
4
What is the thousands digit of 30953?
0
What is the hundreds digit of 8361?
3
What is the units digit of 34054?
4
What is the units digit of 2059?
9
What is the thousands digit of 5365?
5
What is the thousands digit of 1434?
1
What is the thousands digit of 3434?
3
What is the hundreds digit of 171?
1
What is the units digit of 661?
1
What is the tens digit of 16126?
2
What is the units digit of 4067?
7
What is the hundreds digit of 9027?
0
What is the units digit of 545?
5
What is the ten thousands digit of 38772?
3
What is the units digit of 5608?
8
What is the units digit of 7033?
3
What is the thousands digit of 15361?
5
What is the units digit of 107?
7
What is the hundreds digit of 33881?
8
What is the tens digit of 780?
8
What is the hundreds digit of 10097?
0
What is the hundred thousands digit of 169559?
1
What is the hundreds digit of 52218?
2
What is the units digit of 10639?
9
What is the tens digit of 79608?
0
What is the units digit of 5830?
0
What is the units digit of 3785?
5
What is the units digit of 3158?
8
What is the units digit of 599?
9
What is the thousands digit of 5744?
5
What is the units digit of 738?
8
What is the tens digit of 5303?
0
What is the ten thousands digit of 110181?
1
What is the units digit of 9794?
4
What is the units digit of 377?
7
What is the tens digit of 89694?
9
What is the ten thousands digit of 40639?
4
What is the tens digit of 54?
5
What is the units digit of 1148?
8
What is the units digit of 6561?
1
What is the thousands digit of 25540?
5
What is the hundreds digit of 100003?
0
What is the units digit of 924?
4
What is the thousands digit of 3748?
3
What is the hundreds digit of 108562?
5
What is the tens digit of 500?
0
What is the ten thousands digit of 27951?
2
What is the thousands digit of 1576?
1
What is the units digit of 1660?
0
What is the tens digit of 5055?
5
What is the hundreds digit of 367?
3
What is the tens digit of 602?
0
What is the units digit of 8?
8
What is the tens digit of 2776?
7
What is the ten thousands digit of 10125?
1
What is the thousands digit of 10243?
0
What is the units digit of 24870?
0
What is the tens digit of 637?
3
What is the ten thousands digit of 12864?
1
What is the units digit of 1569?
9
What is the tens digit of 74167?
6
What is the hundreds digit of 3557?
5
What is the ten thousands digit of 30451?
3
What is the hundreds digit of 1686?
6
What is the hundreds digit of 165103?
1
What is the thousands digit of 7980?
7
What is the thousands digit of 1444?
1
What is the tens digit of 1544?
4
What is the tens digit of 838?
3
What is the thousands digit of 3540?
3
What is the hundreds digit of 5501?
5
What is the units digit of 194?
4
What is the units digit of 2208?
8
What is the tens digit of 24965?
6
What is the tens digit of 29355?
5
What is the ten thousands digit of 24546?
2
What is the tens digit of 8440?
4
What is the units digit of 10531?
1
What is the units digit of 7984?
4
What is the thousands digit of 4407?
4
What is the tens digit of 1491?
9
What is the thousands digit of 1778?
1
What is the tens digit of 225?
2
What is the thousands digit of 3958?
3
What is the units digit of 4765?
5
What is the thousands digit of 15696?
5
What is the thousands digit of 30160?
0
What is the thousands digit of 44568?
4
What is the units digit of 830?
0
What is the hundreds digit of 6335?
3
What is the hundreds digit of 910?
9
What is the hundreds digit of 728?
7
What is the thousands digit of 2275?
2
What is the ten thousands digit of 51310?
5
What is the hundreds digit of 11357?
3
What is the units digit of 1393?
3
What is the hundreds digit of 120644?
6
What is the tens digit of 536?
3
What is the tens digit of 188?
8
What is the tens digit of 305?
0
What is the thousands digit of 4649?
4
What is the hundreds digit of 1195?
1
What is the ten thousands digit of 119618?
1
What is the tens digit of 207?
0
What is the tens digit of 23053?
5
What is the units digit of 5037?
7
What is the hundreds digit of 5799?
7
What is the hundreds digit of 1646?
6
What is the tens digit of 2009?
0
What is the thousands digit of 16069?
6
What is the tens digit of 906?
0
What is the hundreds digit of 368?
3
What is the ten thousands digit of 35784?
3
What is the units digit of 73336?
6
What is the tens digit of 475?
7
What is the ten thousands digit of 51486?
5
What is the units digit of 22072?
2
What is the thousands digit of 11016?
1
What is the hundreds digit of 11662?
6
What is the thousands digit of 1819?
1
What is the thousands digit of 57050?
7
What is the thousands digit of 2369?
2
What is the thousands digit of 7464?
7
What is the units digit of 5540?
0
What is the units digit of 2350?
0
What is the tens digit of 33954?
5
What is the tens digit of 44913?
1
What is the hundreds digit of 16073?
0
What is the thousands digit of 8442?
8
What is the ten thousands digit of 135959?
3
What is the tens digit of 11086?
8
What is the units digit of 17153?
3
What is the thousands digit of 24196?
4
What is the tens digit of 173?
7
What is the hundreds digit of 87797?
7
What is the hundreds digit of 1415?
4
What is the ten thousands digit of 106477?
0
What is the units digit of 45541?
1
What is the units digit of 490?
0
What is the hundreds digit of 5046?
0
What is the ten thousands digit of 3